{"id":127,"date":"2025-05-25T23:51:00","date_gmt":"2025-05-25T23:51:00","guid":{"rendered":"https:\/\/diagnosticoenergeticointegral.com\/?page_id=127"},"modified":"2025-06-04T18:54:20","modified_gmt":"2025-06-04T18:54:20","slug":"luziernaga","status":"publish","type":"page","link":"https:\/\/diagnosticoenergeticointegral.com\/?page_id=127","title":{"rendered":"LuZi\u00e9rnaga"},"content":{"rendered":"<div class=\"wp-block-cover alignfull has-parallax\" style=\"padding-top:var(--wp--preset--spacing--50);padding-right:var(--wp--preset--spacing--50);padding-bottom:var(--wp--preset--spacing--50);padding-left:var(--wp--preset--spacing--50);min-height:100vh;aspect-ratio:unset;\"><div class=\"wp-block-cover__image-background wp-image-183 size-large has-parallax\" style=\"background-position:50% 50%;background-image:url(https:\/\/diagnosticoenergeticointegral.com\/wp-content\/uploads\/2025\/06\/Diseno-sin-titulo-28-1024x512.png)\"><\/div><span aria-hidden=\"true\" class=\"wp-block-cover__background has-base-background-color has-background-dim-0 has-background-dim\"><\/span><div class=\"wp-block-cover__inner-container has-global-padding is-layout-constrained wp-container-core-cover-is-layout-e4fd886c wp-block-cover-is-layout-constrained\"><h2 class=\"wp-block-heading alignwide\">&#8220;El movimiento consciente se convierte en una herramienta para la liberaci\u00f3n de tensiones f\u00edsicas y emocionales, donde se potencia el autoconocimiento&#8221;<\/h2>\n\n<h4 class=\"wp-block-heading alignwide\">-Laura Gaspar Pineda-<\/h4><\/div><\/div><div class=\"wp-block-group alignfull has-base-background-color has-background has-global-padding is-layout-constrained wp-container-core-group-is-layout-d89aad35 wp-block-group-is-layout-constrained\" style=\"margin-top:0;margin-bottom:0;padding-top:var(--wp--preset--spacing--50);padding-right:var(--wp--preset--spacing--50);padding-bottom:var(--wp--preset--spacing--50);padding-left:var(--wp--preset--spacing--50)\"><div class=\"wp-block-columns alignwide is-layout-flex wp-container-core-columns-is-layout-549b0c86 wp-block-columns-is-layout-flex\"><div class=\"wp-block-column has-global-padding is-content-justification-left is-layout-constrained wp-container-core-column-is-layout-4f15e8fe wp-block-column-is-layout-constrained\" style=\"flex-basis:40%\"><p>Creadora de LuZi\u00e9rnaga<\/p>\n\n<figure class=\"wp-block-image size-large is-style-rounded is-style-rounded--1\"><img loading=\"lazy\" decoding=\"async\" width=\"768\" height=\"1024\" src=\"https:\/\/diagnosticoenergeticointegral.com\/wp-content\/uploads\/2025\/06\/WhatsApp-Image-2025-05-27-at-12.03.05-PM-768x1024.jpeg\" alt=\"\" class=\"wp-image-179\" srcset=\"https:\/\/diagnosticoenergeticointegral.com\/wp-content\/uploads\/2025\/06\/WhatsApp-Image-2025-05-27-at-12.03.05-PM-768x1024.jpeg 768w, https:\/\/diagnosticoenergeticointegral.com\/wp-content\/uploads\/2025\/06\/WhatsApp-Image-2025-05-27-at-12.03.05-PM-225x300.jpeg 225w, https:\/\/diagnosticoenergeticointegral.com\/wp-content\/uploads\/2025\/06\/WhatsApp-Image-2025-05-27-at-12.03.05-PM-1152x1536.jpeg 1152w, https:\/\/diagnosticoenergeticointegral.com\/wp-content\/uploads\/2025\/06\/WhatsApp-Image-2025-05-27-at-12.03.05-PM-600x800.jpeg 600w, https:\/\/diagnosticoenergeticointegral.com\/wp-content\/uploads\/2025\/06\/WhatsApp-Image-2025-05-27-at-12.03.05-PM.jpeg 1536w\" sizes=\"auto, (max-width: 768px) 100vw, 768px\" \/><\/figure><\/div>\n\n<div class=\"wp-block-column is-layout-flow wp-container-core-column-is-layout-119bc444 wp-block-column-is-layout-flow\" style=\"flex-basis:60%\"><p class=\"has-heading-font-family has-x-large-font-size\" style=\"line-height:1.2\">Laura Gaspar Pineda<\/p>\n\n<div class=\"wp-block-columns is-layout-flex wp-container-core-columns-is-layout-87beb0d0 wp-block-columns-is-layout-flex\"><div class=\"wp-block-column is-layout-flow wp-block-column-is-layout-flow\"><p class=\"wp-container-content-9cfa9a5a\">Es una profesional cuya trayectoria se ha desarrollado en la intersecci\u00f3n entre la educaci\u00f3n, las artes esc\u00e9nicas y las terapias corporales. Su formaci\u00f3n como Maestra en Educaci\u00f3n Especial le ha permitido comprender y valorar los procesos individuales de aprendizaje, desarrollando estrategias pedag\u00f3gicas que respetan los tiempos y capacidades de cada persona. Esta base se vio ampliamente enriquecida con su especializaci\u00f3n en Pedagog\u00eda Waldorf en el a\u00f1o 2014, donde profundiz\u00f3 en enfoques educativos vivenciales y art\u00edsticos para el desarrollo infantil.<\/p>\n\n<p>En su experiencia docente, ha trabajado tanto con ni\u00f1os como con adultos. Ha dise\u00f1ado e implementado programas educativos que integran la danza como herramienta pedag\u00f3gica, promoviendo el desarrollo f\u00edsico, emocional y social de sus estudiantes.<\/p>\n\n<p class=\"wp-container-content-9cfa9a5a\">En el \u00e1mbito art\u00edstico, su formaci\u00f3n como bailarina profesional en Danza Contempor\u00e1nea le proporcion\u00f3 un profundo entendimiento del cuerpo como medio de expresi\u00f3n. Posteriormente, su especializaci\u00f3n en Tango le revel\u00f3 las dimensiones terap\u00e9uticas de la conexi\u00f3n corporal y el di\u00e1logo interpersonal, conocimientos que m\u00e1s tarde integrar\u00eda en su pr\u00e1ctica profesional.<\/p><\/div>\n\n<div class=\"wp-block-column is-layout-flow wp-block-column-is-layout-flow\"><p>Su evoluci\u00f3n natural hacia las terapias energ\u00e9ticas la llev\u00f3 a formarse en Kinesiolog\u00eda Energ\u00e9tica y es as\u00ed que para el a\u00f1o 2010 se certifica en la Escuela de D.E.I. \u00aeDiagn\u00f3stico Energ\u00e9tico Integral con el grado&nbsp; de&nbsp;&nbsp; Kinesi\u00f3loga D.E.I. Senior. Actualmente, ha sintetizado estos conocimientos en LuZi\u00e9rnaga, en sus talleres de Danza Bioenerg\u00e9tica, una metodolog\u00eda propia que combina el planteamiento cient\u00edfico de los segmentos corporales del Dr. Reich con el movimiento corporal y la danza. En estos espacios, el movimiento consciente se convierte en una herramienta para la liberaci\u00f3n de tensiones f\u00edsicas y emocionales, donde se potencia el autoconocimiento de sus participantes y donde ellos mismos pueden identificar, comprender y transformar sus propios bloqueos f\u00edsicos y, sobre todo, emocionales. Este enfoque profesional se sustenta en tres ejes fundamentales: la precisi\u00f3n de la Kinesiolog\u00eda Energ\u00e9tica DEI, el potencial transformador de la expresi\u00f3n corporal y los principios pedag\u00f3gicos centrados en la individualidad. Asimismo, se sustenta en una <strong>profunda convicci\u00f3n del poder transformador de la voluntad humana y la expresi\u00f3n art\u00edstica como motores esenciales para el desarrollo integral.<\/strong><\/p><\/div><\/div><\/div><\/div><\/div><div class=\"wp-block-cover alignfull is-light has-parallax\" style=\"padding-top:var(--wp--preset--spacing--50);padding-right:var(--wp--preset--spacing--50);padding-bottom:var(--wp--preset--spacing--50);padding-left:var(--wp--preset--spacing--50);min-height:100vh;aspect-ratio:unset;\"><div class=\"wp-block-cover__image-background wp-image-186 size-large has-parallax\" style=\"background-position:50% 50%;background-image:url(https:\/\/diagnosticoenergeticointegral.com\/wp-content\/uploads\/2025\/06\/Diseno-sin-titulo-29-1024x512.png)\"><\/div><span aria-hidden=\"true\" class=\"wp-block-cover__background has-base-background-color has-background-dim-0 has-background-dim\"><\/span><div class=\"wp-block-cover__inner-container has-global-padding is-layout-constrained wp-container-core-cover-is-layout-e4fd886c wp-block-cover-is-layout-constrained\"><div style=\"height:599px\" aria-hidden=\"true\" class=\"wp-block-spacer\"><\/div><\/div><\/div><div class=\"wp-block-group alignfull has-global-padding is-content-justification-center is-layout-constrained wp-container-core-group-is-layout-df757ecc wp-block-group-is-layout-constrained\" style=\"margin-top:0;margin-bottom:0;padding-top:calc( 0.5 * var(--wp--style--root--padding-right, var(--wp--custom--gap--horizontal)));padding-right:var(--wp--style--root--padding-right, var(--wp--custom--gap--horizontal));padding-bottom:calc( 0.5 * var(--wp--style--root--padding-right, var(--wp--custom--gap--horizontal)));padding-left:var(--wp--style--root--padding-left, var(--wp--custom--gap--horizontal))\"><div style=\"height:11px\" aria-hidden=\"true\" class=\"wp-block-spacer\"><\/div>\n\n<div class=\"wp-block-columns alignwide are-vertically-aligned-top is-layout-flex wp-container-core-columns-is-layout-08c01c1c wp-block-columns-is-layout-flex\"><div class=\"wp-block-column is-vertically-aligned-top is-layout-flow wp-block-column-is-layout-flow\"><div class=\"wp-block-group is-vertical is-nowrap is-layout-flex wp-container-core-group-is-layout-5280e479 wp-block-group-is-layout-flex\"><div style=\"height:10px\" aria-hidden=\"true\" class=\"wp-block-spacer wp-container-content-728072c3\"><\/div>\n\n<p class=\"has-medium-font-size\"><strong>El Movimiento Consciente<\/strong><\/p>\n\n<p class=\"has-small-font-size\">se convierte en una herramienta<\/p>\n\n<div style=\"height:19px\" aria-hidden=\"true\" class=\"wp-block-spacer wp-container-content-370e7c34\"><\/div><\/div>\n\n<div class=\"wp-block-group wp-container-content-231d8afb is-vertical is-content-justification-left is-nowrap is-layout-flex wp-container-core-group-is-layout-d439c89b wp-block-group-is-layout-flex\" style=\"margin-top:0;margin-bottom:0\"><figure class=\"wp-block-image size-large wp-container-content-0733e5d0\"><img loading=\"lazy\" decoding=\"async\" width=\"768\" height=\"1024\" src=\"https:\/\/diagnosticoenergeticointegral.com\/wp-content\/uploads\/2025\/06\/WhatsApp-Image-2025-05-27-at-12.03.04-PM-1-768x1024.jpeg\" alt=\"\" class=\"wp-image-171\" srcset=\"https:\/\/diagnosticoenergeticointegral.com\/wp-content\/uploads\/2025\/06\/WhatsApp-Image-2025-05-27-at-12.03.04-PM-1-768x1024.jpeg 768w, https:\/\/diagnosticoenergeticointegral.com\/wp-content\/uploads\/2025\/06\/WhatsApp-Image-2025-05-27-at-12.03.04-PM-1-225x300.jpeg 225w, https:\/\/diagnosticoenergeticointegral.com\/wp-content\/uploads\/2025\/06\/WhatsApp-Image-2025-05-27-at-12.03.04-PM-1-1152x1536.jpeg 1152w, https:\/\/diagnosticoenergeticointegral.com\/wp-content\/uploads\/2025\/06\/WhatsApp-Image-2025-05-27-at-12.03.04-PM-1-600x800.jpeg 600w, https:\/\/diagnosticoenergeticointegral.com\/wp-content\/uploads\/2025\/06\/WhatsApp-Image-2025-05-27-at-12.03.04-PM-1.jpeg 1536w\" sizes=\"auto, (max-width: 768px) 100vw, 768px\" \/><\/figure><\/div><\/div>\n\n<div class=\"wp-block-column is-vertically-aligned-top is-layout-flow wp-block-column-is-layout-flow\"><div class=\"wp-block-group wp-container-content-231d8afb is-vertical is-layout-flex wp-container-core-group-is-layout-05b43539 wp-block-group-is-layout-flex\" style=\"margin-top:0;margin-bottom:0\"><figure class=\"wp-block-image size-large\" style=\"font-size:14px\"><img loading=\"lazy\" decoding=\"async\" width=\"768\" height=\"1024\" src=\"https:\/\/diagnosticoenergeticointegral.com\/wp-content\/uploads\/2025\/06\/WhatsApp-Image-2025-05-27-at-12.03.04-PM-1-768x1024.jpeg\" alt=\"\" class=\"wp-image-171\" srcset=\"https:\/\/diagnosticoenergeticointegral.com\/wp-content\/uploads\/2025\/06\/WhatsApp-Image-2025-05-27-at-12.03.04-PM-1-768x1024.jpeg 768w, https:\/\/diagnosticoenergeticointegral.com\/wp-content\/uploads\/2025\/06\/WhatsApp-Image-2025-05-27-at-12.03.04-PM-1-225x300.jpeg 225w, https:\/\/diagnosticoenergeticointegral.com\/wp-content\/uploads\/2025\/06\/WhatsApp-Image-2025-05-27-at-12.03.04-PM-1-1152x1536.jpeg 1152w, https:\/\/diagnosticoenergeticointegral.com\/wp-content\/uploads\/2025\/06\/WhatsApp-Image-2025-05-27-at-12.03.04-PM-1-600x800.jpeg 600w, https:\/\/diagnosticoenergeticointegral.com\/wp-content\/uploads\/2025\/06\/WhatsApp-Image-2025-05-27-at-12.03.04-PM-1.jpeg 1536w\" sizes=\"auto, (max-width: 768px) 100vw, 768px\" \/><\/figure><\/div>\n\n<div class=\"wp-block-group is-vertical is-nowrap is-layout-flex wp-container-core-group-is-layout-5280e479 wp-block-group-is-layout-flex\"><div style=\"height:11px\" aria-hidden=\"true\" class=\"wp-block-spacer wp-container-content-2fc37c9d\"><\/div>\n\n<p class=\"has-medium-font-size\"><strong>Para la Liberaci\u00f3n <\/strong><\/p>\n\n<p class=\"has-small-font-size\">de tensiones f\u00edsicas y emocionales<\/p><\/div><\/div><\/div>\n\n<div style=\"height:15px\" aria-hidden=\"true\" class=\"wp-block-spacer\"><\/div>\n\n<div class=\"wp-block-columns alignwide are-vertically-aligned-center is-layout-flex wp-container-core-columns-is-layout-28f84493 wp-block-columns-is-layout-flex\"><div class=\"wp-block-column is-layout-flow wp-block-column-is-layout-flow\" style=\"flex-basis:61%\"><h2 class=\"wp-block-heading alignfull has-text-align-left\" style=\"font-style:normal;font-weight:100\">Contacto<\/h2>\n\n<p>Whatsapp: +34 633910645<\/p>\n\n<p>Correo: <a href=\"mailto:luziernagas1000@gmail.com\">luziernagas1000@gmail.com<\/a><\/p>\n\n<p>Instagram: soyluziernaga<\/p><\/div><\/div>\n\n<div class=\"wp-block-columns alignwide is-layout-flex wp-container-core-columns-is-layout-549b0c86 wp-block-columns-is-layout-flex\"><div class=\"wp-block-column is-layout-flow wp-block-column-is-layout-flow\"><\/div><\/div>\n\n<div style=\"height:calc( 0.25 * var(--wp--style--root--padding-right, var(--wp--custom--gap--horizontal)))\" aria-hidden=\"true\" class=\"wp-block-spacer\"><\/div><\/div><p><\/p>","protected":false},"excerpt":{"rendered":"<p>Creadora de LuZi\u00e9rnaga Laura Gaspar Pineda Es una profesional cuya trayectoria se ha desarrollado en la intersecci\u00f3n entre la educaci\u00f3n, las artes esc\u00e9nicas y las terapias corporales. Su formaci\u00f3n como Maestra en Educaci\u00f3n Especial le ha permitido comprender y valorar los procesos individuales de aprendizaje, desarrollando estrategias pedag\u00f3gicas que respetan los tiempos y capacidades de [&hellip;]<\/p>\n","protected":false},"author":1,"featured_media":0,"parent":0,"menu_order":0,"comment_status":"closed","ping_status":"closed","template":"","meta":{"footnotes":""},"class_list":["post-127","page","type-page","status-publish","hentry"],"yoast_head":"<!-- This site is optimized with the Yoast SEO plugin v25.1 - https:\/\/yoast.com\/wordpress\/plugins\/seo\/ -->\n<title>LuZi\u00e9rnaga - Diagn\u00f3stico Energ\u00e9tico Integral \u00ae<\/title>\n<meta name=\"robots\" content=\"index, follow, max-snippet:-1, max-image-preview:large, max-video-preview:-1\" \/>\n<link rel=\"canonical\" href=\"https:\/\/diagnosticoenergeticointegral.com\/?page_id=127\" \/>\n<meta property=\"og:locale\" content=\"en_US\" \/>\n<meta property=\"og:type\" content=\"article\" \/>\n<meta property=\"og:title\" content=\"LuZi\u00e9rnaga - Diagn\u00f3stico Energ\u00e9tico Integral \u00ae\" \/>\n<meta property=\"og:description\" content=\"Creadora de LuZi\u00e9rnaga Laura Gaspar Pineda Es una profesional cuya trayectoria se ha desarrollado en la intersecci\u00f3n entre la educaci\u00f3n, las artes esc\u00e9nicas y las terapias corporales. Su formaci\u00f3n como Maestra en Educaci\u00f3n Especial le ha permitido comprender y valorar los procesos individuales de aprendizaje, desarrollando estrategias pedag\u00f3gicas que respetan los tiempos y capacidades de [&hellip;]\" \/>\n<meta property=\"og:url\" content=\"https:\/\/diagnosticoenergeticointegral.com\/?page_id=127\" \/>\n<meta property=\"og:site_name\" content=\"Diagn\u00f3stico Energ\u00e9tico Integral \u00ae\" \/>\n<meta property=\"article:modified_time\" content=\"2025-06-04T18:54:20+00:00\" \/>\n<meta property=\"og:image\" content=\"https:\/\/diagnosticoenergeticointegral.com\/wp-content\/uploads\/2025\/06\/WhatsApp-Image-2025-05-27-at-12.03.05-PM.jpeg\" \/>\n\t<meta property=\"og:image:width\" content=\"1536\" \/>\n\t<meta property=\"og:image:height\" content=\"2048\" \/>\n\t<meta property=\"og:image:type\" content=\"image\/jpeg\" \/>\n<meta name=\"twitter:card\" content=\"summary_large_image\" \/>\n<meta name=\"twitter:label1\" content=\"Est. reading time\" \/>\n\t<meta name=\"twitter:data1\" content=\"3 minutes\" \/>\n<script type=\"application\/ld+json\" class=\"yoast-schema-graph\">{\"@context\":\"https:\/\/schema.org\",\"@graph\":[{\"@type\":\"WebPage\",\"@id\":\"https:\/\/diagnosticoenergeticointegral.com\/?page_id=127\",\"url\":\"https:\/\/diagnosticoenergeticointegral.com\/?page_id=127\",\"name\":\"LuZi\u00e9rnaga - Diagn\u00f3stico Energ\u00e9tico Integral \u00ae\",\"isPartOf\":{\"@id\":\"https:\/\/diagnosticoenergeticointegral.com\/#website\"},\"primaryImageOfPage\":{\"@id\":\"https:\/\/diagnosticoenergeticointegral.com\/?page_id=127#primaryimage\"},\"image\":{\"@id\":\"https:\/\/diagnosticoenergeticointegral.com\/?page_id=127#primaryimage\"},\"thumbnailUrl\":\"https:\/\/diagnosticoenergeticointegral.com\/wp-content\/uploads\/2025\/06\/WhatsApp-Image-2025-05-27-at-12.03.05-PM-768x1024.jpeg\",\"datePublished\":\"2025-05-25T23:51:00+00:00\",\"dateModified\":\"2025-06-04T18:54:20+00:00\",\"breadcrumb\":{\"@id\":\"https:\/\/diagnosticoenergeticointegral.com\/?page_id=127#breadcrumb\"},\"inLanguage\":\"en-US\",\"potentialAction\":[{\"@type\":\"ReadAction\",\"target\":[\"https:\/\/diagnosticoenergeticointegral.com\/?page_id=127\"]}]},{\"@type\":\"ImageObject\",\"inLanguage\":\"en-US\",\"@id\":\"https:\/\/diagnosticoenergeticointegral.com\/?page_id=127#primaryimage\",\"url\":\"https:\/\/diagnosticoenergeticointegral.com\/wp-content\/uploads\/2025\/06\/WhatsApp-Image-2025-05-27-at-12.03.05-PM.jpeg\",\"contentUrl\":\"https:\/\/diagnosticoenergeticointegral.com\/wp-content\/uploads\/2025\/06\/WhatsApp-Image-2025-05-27-at-12.03.05-PM.jpeg\",\"width\":1536,\"height\":2048},{\"@type\":\"BreadcrumbList\",\"@id\":\"https:\/\/diagnosticoenergeticointegral.com\/?page_id=127#breadcrumb\",\"itemListElement\":[{\"@type\":\"ListItem\",\"position\":1,\"name\":\"Home\",\"item\":\"https:\/\/diagnosticoenergeticointegral.com\/\"},{\"@type\":\"ListItem\",\"position\":2,\"name\":\"LuZi\u00e9rnaga\"}]},{\"@type\":\"WebSite\",\"@id\":\"https:\/\/diagnosticoenergeticointegral.com\/#website\",\"url\":\"https:\/\/diagnosticoenergeticointegral.com\/\",\"name\":\"Diagn\u00f3stico Energ\u00e9tico Integral \u00ae\",\"description\":\"La Kinesiolog\u00eda de la consciencia\",\"publisher\":{\"@id\":\"https:\/\/diagnosticoenergeticointegral.com\/#organization\"},\"potentialAction\":[{\"@type\":\"SearchAction\",\"target\":{\"@type\":\"EntryPoint\",\"urlTemplate\":\"https:\/\/diagnosticoenergeticointegral.com\/?s={search_term_string}\"},\"query-input\":{\"@type\":\"PropertyValueSpecification\",\"valueRequired\":true,\"valueName\":\"search_term_string\"}}],\"inLanguage\":\"en-US\"},{\"@type\":\"Organization\",\"@id\":\"https:\/\/diagnosticoenergeticointegral.com\/#organization\",\"name\":\"Diagn\u00f3stico Energ\u00e9tico Integral \u00ae\",\"url\":\"https:\/\/diagnosticoenergeticointegral.com\/\",\"logo\":{\"@type\":\"ImageObject\",\"inLanguage\":\"en-US\",\"@id\":\"https:\/\/diagnosticoenergeticointegral.com\/#\/schema\/logo\/image\/\",\"url\":\"https:\/\/diagnosticoenergeticointegral.com\/wp-content\/uploads\/2025\/05\/logo_DEI-removebg-preview.png\",\"contentUrl\":\"https:\/\/diagnosticoenergeticointegral.com\/wp-content\/uploads\/2025\/05\/logo_DEI-removebg-preview.png\",\"width\":497,\"height\":502,\"caption\":\"Diagn\u00f3stico Energ\u00e9tico Integral \u00ae\"},\"image\":{\"@id\":\"https:\/\/diagnosticoenergeticointegral.com\/#\/schema\/logo\/image\/\"}}]}<\/script>\n<!-- \/ Yoast SEO plugin. -->","yoast_head_json":{"title":"LuZi\u00e9rnaga - Diagn\u00f3stico Energ\u00e9tico Integral \u00ae","robots":{"index":"index","follow":"follow","max-snippet":"max-snippet:-1","max-image-preview":"max-image-preview:large","max-video-preview":"max-video-preview:-1"},"canonical":"https:\/\/diagnosticoenergeticointegral.com\/?page_id=127","og_locale":"en_US","og_type":"article","og_title":"LuZi\u00e9rnaga - Diagn\u00f3stico Energ\u00e9tico Integral \u00ae","og_description":"Creadora de LuZi\u00e9rnaga Laura Gaspar Pineda Es una profesional cuya trayectoria se ha desarrollado en la intersecci\u00f3n entre la educaci\u00f3n, las artes esc\u00e9nicas y las terapias corporales. Su formaci\u00f3n como Maestra en Educaci\u00f3n Especial le ha permitido comprender y valorar los procesos individuales de aprendizaje, desarrollando estrategias pedag\u00f3gicas que respetan los tiempos y capacidades de [&hellip;]","og_url":"https:\/\/diagnosticoenergeticointegral.com\/?page_id=127","og_site_name":"Diagn\u00f3stico Energ\u00e9tico Integral \u00ae","article_modified_time":"2025-06-04T18:54:20+00:00","og_image":[{"width":1536,"height":2048,"url":"https:\/\/diagnosticoenergeticointegral.com\/wp-content\/uploads\/2025\/06\/WhatsApp-Image-2025-05-27-at-12.03.05-PM.jpeg","type":"image\/jpeg"}],"twitter_card":"summary_large_image","twitter_misc":{"Est. reading time":"3 minutes"},"schema":{"@context":"https:\/\/schema.org","@graph":[{"@type":"WebPage","@id":"https:\/\/diagnosticoenergeticointegral.com\/?page_id=127","url":"https:\/\/diagnosticoenergeticointegral.com\/?page_id=127","name":"LuZi\u00e9rnaga - Diagn\u00f3stico Energ\u00e9tico Integral \u00ae","isPartOf":{"@id":"https:\/\/diagnosticoenergeticointegral.com\/#website"},"primaryImageOfPage":{"@id":"https:\/\/diagnosticoenergeticointegral.com\/?page_id=127#primaryimage"},"image":{"@id":"https:\/\/diagnosticoenergeticointegral.com\/?page_id=127#primaryimage"},"thumbnailUrl":"https:\/\/diagnosticoenergeticointegral.com\/wp-content\/uploads\/2025\/06\/WhatsApp-Image-2025-05-27-at-12.03.05-PM-768x1024.jpeg","datePublished":"2025-05-25T23:51:00+00:00","dateModified":"2025-06-04T18:54:20+00:00","breadcrumb":{"@id":"https:\/\/diagnosticoenergeticointegral.com\/?page_id=127#breadcrumb"},"inLanguage":"en-US","potentialAction":[{"@type":"ReadAction","target":["https:\/\/diagnosticoenergeticointegral.com\/?page_id=127"]}]},{"@type":"ImageObject","inLanguage":"en-US","@id":"https:\/\/diagnosticoenergeticointegral.com\/?page_id=127#primaryimage","url":"https:\/\/diagnosticoenergeticointegral.com\/wp-content\/uploads\/2025\/06\/WhatsApp-Image-2025-05-27-at-12.03.05-PM.jpeg","contentUrl":"https:\/\/diagnosticoenergeticointegral.com\/wp-content\/uploads\/2025\/06\/WhatsApp-Image-2025-05-27-at-12.03.05-PM.jpeg","width":1536,"height":2048},{"@type":"BreadcrumbList","@id":"https:\/\/diagnosticoenergeticointegral.com\/?page_id=127#breadcrumb","itemListElement":[{"@type":"ListItem","position":1,"name":"Home","item":"https:\/\/diagnosticoenergeticointegral.com\/"},{"@type":"ListItem","position":2,"name":"LuZi\u00e9rnaga"}]},{"@type":"WebSite","@id":"https:\/\/diagnosticoenergeticointegral.com\/#website","url":"https:\/\/diagnosticoenergeticointegral.com\/","name":"Diagn\u00f3stico Energ\u00e9tico Integral \u00ae","description":"La Kinesiolog\u00eda de la consciencia","publisher":{"@id":"https:\/\/diagnosticoenergeticointegral.com\/#organization"},"potentialAction":[{"@type":"SearchAction","target":{"@type":"EntryPoint","urlTemplate":"https:\/\/diagnosticoenergeticointegral.com\/?s={search_term_string}"},"query-input":{"@type":"PropertyValueSpecification","valueRequired":true,"valueName":"search_term_string"}}],"inLanguage":"en-US"},{"@type":"Organization","@id":"https:\/\/diagnosticoenergeticointegral.com\/#organization","name":"Diagn\u00f3stico Energ\u00e9tico Integral \u00ae","url":"https:\/\/diagnosticoenergeticointegral.com\/","logo":{"@type":"ImageObject","inLanguage":"en-US","@id":"https:\/\/diagnosticoenergeticointegral.com\/#\/schema\/logo\/image\/","url":"https:\/\/diagnosticoenergeticointegral.com\/wp-content\/uploads\/2025\/05\/logo_DEI-removebg-preview.png","contentUrl":"https:\/\/diagnosticoenergeticointegral.com\/wp-content\/uploads\/2025\/05\/logo_DEI-removebg-preview.png","width":497,"height":502,"caption":"Diagn\u00f3stico Energ\u00e9tico Integral \u00ae"},"image":{"@id":"https:\/\/diagnosticoenergeticointegral.com\/#\/schema\/logo\/image\/"}}]}},"_links":{"self":[{"href":"https:\/\/diagnosticoenergeticointegral.com\/index.php?rest_route=\/wp\/v2\/pages\/127","targetHints":{"allow":["GET"]}}],"collection":[{"href":"https:\/\/diagnosticoenergeticointegral.com\/index.php?rest_route=\/wp\/v2\/pages"}],"about":[{"href":"https:\/\/diagnosticoenergeticointegral.com\/index.php?rest_route=\/wp\/v2\/types\/page"}],"author":[{"embeddable":true,"href":"https:\/\/diagnosticoenergeticointegral.com\/index.php?rest_route=\/wp\/v2\/users\/1"}],"replies":[{"embeddable":true,"href":"https:\/\/diagnosticoenergeticointegral.com\/index.php?rest_route=%2Fwp%2Fv2%2Fcomments&post=127"}],"version-history":[{"count":5,"href":"https:\/\/diagnosticoenergeticointegral.com\/index.php?rest_route=\/wp\/v2\/pages\/127\/revisions"}],"predecessor-version":[{"id":189,"href":"https:\/\/diagnosticoenergeticointegral.com\/index.php?rest_route=\/wp\/v2\/pages\/127\/revisions\/189"}],"wp:attachment":[{"href":"https:\/\/diagnosticoenergeticointegral.com\/index.php?rest_route=%2Fwp%2Fv2%2Fmedia&parent=127"}],"curies":[{"name":"wp","href":"https:\/\/api.w.org\/{rel}","templated":true}]}}