{"id":88,"date":"2025-05-24T01:12:37","date_gmt":"2025-05-24T01:12:37","guid":{"rendered":"https:\/\/diagnosticoenergeticointegral.com\/?page_id=88"},"modified":"2025-06-26T20:59:02","modified_gmt":"2025-06-26T20:59:02","slug":"comunidad","status":"publish","type":"page","link":"https:\/\/diagnosticoenergeticointegral.com\/?page_id=88","title":{"rendered":"Comunidad"},"content":{"rendered":"<h3 class=\"wp-block-heading alignwide has-text-align-center\">Nuestra comunidad est\u00e1 compuesta por <\/h3><h3 class=\"wp-block-heading alignwide has-text-align-center\">proyectos creados por Nuestros Terapeutas D.E.I\u00ae<\/h3><div style=\"height:61px\" aria-hidden=\"true\" class=\"wp-block-spacer\"><\/div><div class=\"wp-block-media-text alignwide is-stacked-on-mobile\"><figure class=\"wp-block-media-text__media\"><img loading=\"lazy\" decoding=\"async\" width=\"944\" height=\"531\" src=\"https:\/\/diagnosticoenergeticointegral.com\/wp-content\/uploads\/2025\/05\/Logo.jpeg\" alt=\"\" class=\"wp-image-89 size-full\" srcset=\"https:\/\/diagnosticoenergeticointegral.com\/wp-content\/uploads\/2025\/05\/Logo.jpeg 944w, https:\/\/diagnosticoenergeticointegral.com\/wp-content\/uploads\/2025\/05\/Logo-300x169.jpeg 300w, https:\/\/diagnosticoenergeticointegral.com\/wp-content\/uploads\/2025\/05\/Logo-768x432.jpeg 768w, https:\/\/diagnosticoenergeticointegral.com\/wp-content\/uploads\/2025\/05\/Logo-600x338.jpeg 600w\" sizes=\"auto, (max-width: 944px) 100vw, 944px\" \/><\/figure><div class=\"wp-block-media-text__content\"><h2 class=\"wp-block-heading\"><a href=\"https:\/\/diagnosticoenergeticointegral.com\/?page_id=91\">Resonare<\/a><\/h2>\n\n<p>Una combinaci\u00f3n \u00fanica de kinesiolog\u00eda energ\u00e9tica, t\u00e9cnicas de metaf\u00edsica, y las antiguas propiedades de sanaci\u00f3n del sonido y la vibraci\u00f3n.<\/p>\n\n<div class=\"wp-block-buttons is-layout-flex wp-block-buttons-is-layout-flex\"><div class=\"wp-block-button\"><a class=\"wp-block-button__link wp-element-button\" href=\"https:\/\/diagnosticoenergeticointegral.com\/?page_id=91\">Resonare<\/a><\/div><\/div><\/div><\/div><div class=\"wp-block-media-text alignwide is-stacked-on-mobile\"><figure class=\"wp-block-media-text__media\"><img loading=\"lazy\" decoding=\"async\" width=\"1024\" height=\"576\" src=\"https:\/\/diagnosticoenergeticointegral.com\/wp-content\/uploads\/2025\/06\/WhatsApp-Image-2025-05-27-at-2.48.29-PM-1024x576.jpeg\" alt=\"\" class=\"wp-image-173 size-full\" srcset=\"https:\/\/diagnosticoenergeticointegral.com\/wp-content\/uploads\/2025\/06\/WhatsApp-Image-2025-05-27-at-2.48.29-PM-1024x576.jpeg 1024w, https:\/\/diagnosticoenergeticointegral.com\/wp-content\/uploads\/2025\/06\/WhatsApp-Image-2025-05-27-at-2.48.29-PM-300x169.jpeg 300w, https:\/\/diagnosticoenergeticointegral.com\/wp-content\/uploads\/2025\/06\/WhatsApp-Image-2025-05-27-at-2.48.29-PM-768x432.jpeg 768w, https:\/\/diagnosticoenergeticointegral.com\/wp-content\/uploads\/2025\/06\/WhatsApp-Image-2025-05-27-at-2.48.29-PM-600x338.jpeg 600w, https:\/\/diagnosticoenergeticointegral.com\/wp-content\/uploads\/2025\/06\/WhatsApp-Image-2025-05-27-at-2.48.29-PM.jpeg 1280w\" sizes=\"auto, (max-width: 1024px) 100vw, 1024px\" \/><\/figure><div class=\"wp-block-media-text__content\"><h2 class=\"wp-block-heading\"><a href=\"https:\/\/diagnosticoenergeticointegral.com\/?page_id=127\">LuZi\u00e9rnaga<\/a><\/h2>\n\n<p>Talleres de Danza Bioenerg\u00e9tica, una metodolog\u00eda propia que combina el planteamiento cient\u00edfico de los segmentos corporales del Dr. Reich con el movimiento corporal y la danza.<\/p>\n\n<div class=\"wp-block-buttons is-layout-flex wp-block-buttons-is-layout-flex\"><div class=\"wp-block-button\"><a class=\"wp-block-button__link wp-element-button\" href=\"https:\/\/diagnosticoenergeticointegral.com\/?page_id=127\">LuZi\u00e9rnaga<\/a><\/div><\/div><\/div><\/div><div class=\"wp-block-group alignfull has-global-padding is-layout-constrained wp-container-core-group-is-layout-d89aad35 wp-block-group-is-layout-constrained\" style=\"margin-top:0;margin-bottom:0;padding-top:var(--wp--preset--spacing--50);padding-right:var(--wp--preset--spacing--50);padding-bottom:var(--wp--preset--spacing--50);padding-left:var(--wp--preset--spacing--50)\"><div class=\"wp-block-group alignfull has-base-2-background-color has-background has-global-padding is-layout-constrained wp-container-core-group-is-layout-39412042 wp-block-group-is-layout-constrained\" style=\"border-radius:16px;padding-top:var(--wp--preset--spacing--40);padding-right:var(--wp--preset--spacing--50);padding-bottom:var(--wp--preset--spacing--40);padding-left:var(--wp--preset--spacing--50)\"><div style=\"height:var(--wp--preset--spacing--10)\" aria-hidden=\"true\" class=\"wp-block-spacer\"><\/div>\n\n<h2 class=\"wp-block-heading has-text-align-center has-x-large-font-size\">Nuestros Terapeutas D.E.I\u00ae<\/h2>\n\n<p class=\"has-text-align-center\">Puedes saber quienes son haciendo click aqu\u00ed<\/p>\n\n<div class=\"wp-block-buttons is-content-justification-center is-layout-flex wp-container-core-buttons-is-layout-a89b3969 wp-block-buttons-is-layout-flex\"><div class=\"wp-block-button\"><a class=\"wp-block-button__link wp-element-button\" href=\"https:\/\/diagnosticoenergeticointegraldei.blogspot.com\/search\/label\/Terapeutas%20D.E.I\">Terapeutas D.E.I\u00ae<\/a><\/div><\/div>\n\n<div style=\"height:var(--wp--preset--spacing--10)\" aria-hidden=\"true\" class=\"wp-block-spacer\"><\/div><\/div><\/div>","protected":false},"excerpt":{"rendered":"<p>Nuestra comunidad est\u00e1 compuesta por proyectos creados por Nuestros Terapeutas D.E.I\u00ae Nuestros Terapeutas D.E.I\u00ae Puedes saber quienes son haciendo click aqu\u00ed<\/p>\n","protected":false},"author":1,"featured_media":0,"parent":0,"menu_order":0,"comment_status":"closed","ping_status":"closed","template":"","meta":{"footnotes":""},"class_list":["post-88","page","type-page","status-publish","hentry"],"yoast_head":"<!-- This site is optimized with the Yoast SEO plugin v25.1 - https:\/\/yoast.com\/wordpress\/plugins\/seo\/ -->\n<title>Comunidad - Diagn\u00f3stico Energ\u00e9tico Integral \u00ae<\/title>\n<meta name=\"robots\" content=\"index, follow, max-snippet:-1, max-image-preview:large, max-video-preview:-1\" \/>\n<link rel=\"canonical\" href=\"https:\/\/diagnosticoenergeticointegral.com\/?page_id=88\" \/>\n<meta property=\"og:locale\" content=\"en_US\" \/>\n<meta property=\"og:type\" content=\"article\" \/>\n<meta property=\"og:title\" content=\"Comunidad - Diagn\u00f3stico Energ\u00e9tico Integral \u00ae\" \/>\n<meta property=\"og:description\" content=\"Nuestra comunidad est\u00e1 compuesta por proyectos creados por Nuestros Terapeutas D.E.I\u00ae Nuestros Terapeutas D.E.I\u00ae Puedes saber quienes son haciendo click aqu\u00ed\" \/>\n<meta property=\"og:url\" content=\"https:\/\/diagnosticoenergeticointegral.com\/?page_id=88\" \/>\n<meta property=\"og:site_name\" content=\"Diagn\u00f3stico Energ\u00e9tico Integral \u00ae\" \/>\n<meta property=\"article:modified_time\" content=\"2025-06-26T20:59:02+00:00\" \/>\n<meta property=\"og:image\" content=\"https:\/\/diagnosticoenergeticointegral.com\/wp-content\/uploads\/2025\/05\/Logo.jpeg\" \/>\n\t<meta property=\"og:image:width\" content=\"944\" \/>\n\t<meta property=\"og:image:height\" content=\"531\" \/>\n\t<meta property=\"og:image:type\" content=\"image\/jpeg\" \/>\n<meta name=\"twitter:card\" content=\"summary_large_image\" \/>\n<meta name=\"twitter:label1\" content=\"Est. reading time\" \/>\n\t<meta name=\"twitter:data1\" content=\"1 minute\" \/>\n<script type=\"application\/ld+json\" class=\"yoast-schema-graph\">{\"@context\":\"https:\/\/schema.org\",\"@graph\":[{\"@type\":\"WebPage\",\"@id\":\"https:\/\/diagnosticoenergeticointegral.com\/?page_id=88\",\"url\":\"https:\/\/diagnosticoenergeticointegral.com\/?page_id=88\",\"name\":\"Comunidad - Diagn\u00f3stico Energ\u00e9tico Integral \u00ae\",\"isPartOf\":{\"@id\":\"https:\/\/diagnosticoenergeticointegral.com\/#website\"},\"primaryImageOfPage\":{\"@id\":\"https:\/\/diagnosticoenergeticointegral.com\/?page_id=88#primaryimage\"},\"image\":{\"@id\":\"https:\/\/diagnosticoenergeticointegral.com\/?page_id=88#primaryimage\"},\"thumbnailUrl\":\"https:\/\/diagnosticoenergeticointegral.com\/wp-content\/uploads\/2025\/05\/Logo.jpeg\",\"datePublished\":\"2025-05-24T01:12:37+00:00\",\"dateModified\":\"2025-06-26T20:59:02+00:00\",\"breadcrumb\":{\"@id\":\"https:\/\/diagnosticoenergeticointegral.com\/?page_id=88#breadcrumb\"},\"inLanguage\":\"en-US\",\"potentialAction\":[{\"@type\":\"ReadAction\",\"target\":[\"https:\/\/diagnosticoenergeticointegral.com\/?page_id=88\"]}]},{\"@type\":\"ImageObject\",\"inLanguage\":\"en-US\",\"@id\":\"https:\/\/diagnosticoenergeticointegral.com\/?page_id=88#primaryimage\",\"url\":\"https:\/\/diagnosticoenergeticointegral.com\/wp-content\/uploads\/2025\/05\/Logo.jpeg\",\"contentUrl\":\"https:\/\/diagnosticoenergeticointegral.com\/wp-content\/uploads\/2025\/05\/Logo.jpeg\",\"width\":944,\"height\":531},{\"@type\":\"BreadcrumbList\",\"@id\":\"https:\/\/diagnosticoenergeticointegral.com\/?page_id=88#breadcrumb\",\"itemListElement\":[{\"@type\":\"ListItem\",\"position\":1,\"name\":\"Home\",\"item\":\"https:\/\/diagnosticoenergeticointegral.com\/\"},{\"@type\":\"ListItem\",\"position\":2,\"name\":\"Comunidad\"}]},{\"@type\":\"WebSite\",\"@id\":\"https:\/\/diagnosticoenergeticointegral.com\/#website\",\"url\":\"https:\/\/diagnosticoenergeticointegral.com\/\",\"name\":\"Diagn\u00f3stico Energ\u00e9tico Integral \u00ae\",\"description\":\"La Kinesiolog\u00eda de la consciencia\",\"publisher\":{\"@id\":\"https:\/\/diagnosticoenergeticointegral.com\/#organization\"},\"potentialAction\":[{\"@type\":\"SearchAction\",\"target\":{\"@type\":\"EntryPoint\",\"urlTemplate\":\"https:\/\/diagnosticoenergeticointegral.com\/?s={search_term_string}\"},\"query-input\":{\"@type\":\"PropertyValueSpecification\",\"valueRequired\":true,\"valueName\":\"search_term_string\"}}],\"inLanguage\":\"en-US\"},{\"@type\":\"Organization\",\"@id\":\"https:\/\/diagnosticoenergeticointegral.com\/#organization\",\"name\":\"Diagn\u00f3stico Energ\u00e9tico Integral \u00ae\",\"url\":\"https:\/\/diagnosticoenergeticointegral.com\/\",\"logo\":{\"@type\":\"ImageObject\",\"inLanguage\":\"en-US\",\"@id\":\"https:\/\/diagnosticoenergeticointegral.com\/#\/schema\/logo\/image\/\",\"url\":\"https:\/\/diagnosticoenergeticointegral.com\/wp-content\/uploads\/2025\/05\/logo_DEI-removebg-preview.png\",\"contentUrl\":\"https:\/\/diagnosticoenergeticointegral.com\/wp-content\/uploads\/2025\/05\/logo_DEI-removebg-preview.png\",\"width\":497,\"height\":502,\"caption\":\"Diagn\u00f3stico Energ\u00e9tico Integral \u00ae\"},\"image\":{\"@id\":\"https:\/\/diagnosticoenergeticointegral.com\/#\/schema\/logo\/image\/\"}}]}<\/script>\n<!-- \/ Yoast SEO plugin. -->","yoast_head_json":{"title":"Comunidad - Diagn\u00f3stico Energ\u00e9tico Integral \u00ae","robots":{"index":"index","follow":"follow","max-snippet":"max-snippet:-1","max-image-preview":"max-image-preview:large","max-video-preview":"max-video-preview:-1"},"canonical":"https:\/\/diagnosticoenergeticointegral.com\/?page_id=88","og_locale":"en_US","og_type":"article","og_title":"Comunidad - Diagn\u00f3stico Energ\u00e9tico Integral \u00ae","og_description":"Nuestra comunidad est\u00e1 compuesta por proyectos creados por Nuestros Terapeutas D.E.I\u00ae Nuestros Terapeutas D.E.I\u00ae Puedes saber quienes son haciendo click aqu\u00ed","og_url":"https:\/\/diagnosticoenergeticointegral.com\/?page_id=88","og_site_name":"Diagn\u00f3stico Energ\u00e9tico Integral \u00ae","article_modified_time":"2025-06-26T20:59:02+00:00","og_image":[{"width":944,"height":531,"url":"https:\/\/diagnosticoenergeticointegral.com\/wp-content\/uploads\/2025\/05\/Logo.jpeg","type":"image\/jpeg"}],"twitter_card":"summary_large_image","twitter_misc":{"Est. reading time":"1 minute"},"schema":{"@context":"https:\/\/schema.org","@graph":[{"@type":"WebPage","@id":"https:\/\/diagnosticoenergeticointegral.com\/?page_id=88","url":"https:\/\/diagnosticoenergeticointegral.com\/?page_id=88","name":"Comunidad - Diagn\u00f3stico Energ\u00e9tico Integral \u00ae","isPartOf":{"@id":"https:\/\/diagnosticoenergeticointegral.com\/#website"},"primaryImageOfPage":{"@id":"https:\/\/diagnosticoenergeticointegral.com\/?page_id=88#primaryimage"},"image":{"@id":"https:\/\/diagnosticoenergeticointegral.com\/?page_id=88#primaryimage"},"thumbnailUrl":"https:\/\/diagnosticoenergeticointegral.com\/wp-content\/uploads\/2025\/05\/Logo.jpeg","datePublished":"2025-05-24T01:12:37+00:00","dateModified":"2025-06-26T20:59:02+00:00","breadcrumb":{"@id":"https:\/\/diagnosticoenergeticointegral.com\/?page_id=88#breadcrumb"},"inLanguage":"en-US","potentialAction":[{"@type":"ReadAction","target":["https:\/\/diagnosticoenergeticointegral.com\/?page_id=88"]}]},{"@type":"ImageObject","inLanguage":"en-US","@id":"https:\/\/diagnosticoenergeticointegral.com\/?page_id=88#primaryimage","url":"https:\/\/diagnosticoenergeticointegral.com\/wp-content\/uploads\/2025\/05\/Logo.jpeg","contentUrl":"https:\/\/diagnosticoenergeticointegral.com\/wp-content\/uploads\/2025\/05\/Logo.jpeg","width":944,"height":531},{"@type":"BreadcrumbList","@id":"https:\/\/diagnosticoenergeticointegral.com\/?page_id=88#breadcrumb","itemListElement":[{"@type":"ListItem","position":1,"name":"Home","item":"https:\/\/diagnosticoenergeticointegral.com\/"},{"@type":"ListItem","position":2,"name":"Comunidad"}]},{"@type":"WebSite","@id":"https:\/\/diagnosticoenergeticointegral.com\/#website","url":"https:\/\/diagnosticoenergeticointegral.com\/","name":"Diagn\u00f3stico Energ\u00e9tico Integral \u00ae","description":"La Kinesiolog\u00eda de la consciencia","publisher":{"@id":"https:\/\/diagnosticoenergeticointegral.com\/#organization"},"potentialAction":[{"@type":"SearchAction","target":{"@type":"EntryPoint","urlTemplate":"https:\/\/diagnosticoenergeticointegral.com\/?s={search_term_string}"},"query-input":{"@type":"PropertyValueSpecification","valueRequired":true,"valueName":"search_term_string"}}],"inLanguage":"en-US"},{"@type":"Organization","@id":"https:\/\/diagnosticoenergeticointegral.com\/#organization","name":"Diagn\u00f3stico Energ\u00e9tico Integral \u00ae","url":"https:\/\/diagnosticoenergeticointegral.com\/","logo":{"@type":"ImageObject","inLanguage":"en-US","@id":"https:\/\/diagnosticoenergeticointegral.com\/#\/schema\/logo\/image\/","url":"https:\/\/diagnosticoenergeticointegral.com\/wp-content\/uploads\/2025\/05\/logo_DEI-removebg-preview.png","contentUrl":"https:\/\/diagnosticoenergeticointegral.com\/wp-content\/uploads\/2025\/05\/logo_DEI-removebg-preview.png","width":497,"height":502,"caption":"Diagn\u00f3stico Energ\u00e9tico Integral \u00ae"},"image":{"@id":"https:\/\/diagnosticoenergeticointegral.com\/#\/schema\/logo\/image\/"}}]}},"_links":{"self":[{"href":"https:\/\/diagnosticoenergeticointegral.com\/index.php?rest_route=\/wp\/v2\/pages\/88","targetHints":{"allow":["GET"]}}],"collection":[{"href":"https:\/\/diagnosticoenergeticointegral.com\/index.php?rest_route=\/wp\/v2\/pages"}],"about":[{"href":"https:\/\/diagnosticoenergeticointegral.com\/index.php?rest_route=\/wp\/v2\/types\/page"}],"author":[{"embeddable":true,"href":"https:\/\/diagnosticoenergeticointegral.com\/index.php?rest_route=\/wp\/v2\/users\/1"}],"replies":[{"embeddable":true,"href":"https:\/\/diagnosticoenergeticointegral.com\/index.php?rest_route=%2Fwp%2Fv2%2Fcomments&post=88"}],"version-history":[{"count":5,"href":"https:\/\/diagnosticoenergeticointegral.com\/index.php?rest_route=\/wp\/v2\/pages\/88\/revisions"}],"predecessor-version":[{"id":237,"href":"https:\/\/diagnosticoenergeticointegral.com\/index.php?rest_route=\/wp\/v2\/pages\/88\/revisions\/237"}],"wp:attachment":[{"href":"https:\/\/diagnosticoenergeticointegral.com\/index.php?rest_route=%2Fwp%2Fv2%2Fmedia&parent=88"}],"curies":[{"name":"wp","href":"https:\/\/api.w.org\/{rel}","templated":true}]}}